hest common divisor of j and 5?
5
Let u = 6 + -13. Let z = u + 12. Suppose z*n = 2*n + 42. Calculate the greatest common divisor of 28 and n.
14
Suppose -3*u + 5 = -4, -299 = -2*g + 3*u. Let r = 31 + -17. Calculate the greatest common divisor of g and r.
14
Let v = 4 + 8. Let a be (-4)/(-6) - 8/v. Suppose 3*x - 4*q - 43 = a, 2*q + 68 = 5*x - q. Calculate the highest common factor of 117 and x.
13
Suppose 2*p = 179 - 13. Let o(k) = 44*k**2 - k. Let d be o(-1). Let n = d + p. Calculate the greatest common factor of n and 16.
16
Suppose 2 = -2*n + n. Let l be (n/6)/(9/(-270)). What is the highest common factor of l and 50?
10
Suppose 3*n = f - 78, -f + 320 = 4*f - n. Calculate the greatest common factor of 9 and f.
9
Suppose -2*k + 5*c - 5 = 0, -c - 5 = 4*k - 5*k. What is the greatest common divisor of 10 and k?
10
Suppose 5*a - 196 = -3*y, 0 = -0*a + 2*a - y - 74. Calculate the highest common divisor of 342 and a.
38
Suppose 2*s = 2 + 22. Calculate the highest common factor of 36 and s.
12
Let u be -3 + 7 + 3 + -2. What is the greatest common divisor of 15 and u?
5
Suppose 13 = l - 2*r + 5, -3*l + 3*r = -30. Let f = l + -3. Let s = 4 - 3. Calculate the highest common divisor of s and f.
1
Let t(g) = 3*g + 2. Let r be t(3). Let b(n) = n**2 - 2*n + 9. Let d be b(6). What is the highest common factor of r and d?
11
Suppose 124 + 2 = 2*r. Let y = 30 - 9. Let l be ((-21)/(-9) - 2)*y. Calculate the greatest common divisor of r and l.
7
Let t be (1 - -1) + -3*2. Let i = 12 + t. Suppose 0 = 2*f + 4, f - 54 = -4*o - 4*f. What is the highest common divisor of o and i?
8
Let l(s) = -2*s - 12. Let g be l(-11). Calculate the highest common divisor of 70 and g.
10
Suppose -5*x + 2 - 22 = 0. Let y(d) = -8*d + 4. Let c be y(x). Suppose 4*z = z + c. What is the greatest common factor of 8 and z?
4
Suppose -b - 5*c + 5 = 0, -4*b - 2*c - 43 = -117. Suppose -4*y = y - 800. Calculate the greatest common divisor of b and y.
20
Let s(x) = x**2 + 8*x + 7. Let w be s(8). What is the highest common divisor of 15 and w?
15
Let n be 1/(-1) - (7 - 11). What is the greatest common factor of 1 and n?
1
Let i(c) = 10*c**2 + 3*c + 2. Let g be i(-2). Calculate the highest common divisor of 54 and g.
18
Let s(t) = t**2 + t - 1. Let n be s(-2). Let g be (1 + (-23)/(-1))*n. What is the greatest common factor of g and 12?
12
Let r(u) = 2*u**2 - 2*u - 2. Let l be r(2). Suppose 3*f - 920 = -l*f. Calculate the greatest common factor of f and 23.
23
Suppose 25 = 4*x - 23. What is the greatest common factor of x and 36?
12
Let i = 2 + 0. Let l(w) = -w + 4. Let c be l(0). What is the greatest common factor of c and i?
2
Let n(w) = -w**2 - 11*w + 8. Let k be 8/(-56) + (-69)/7. Let b be n(k). What is the greatest common divisor of b and 6?
6
Let q = -15 + 5. Let h = q - -11. What is the greatest common factor of 5 and h?
1
Suppose -2*v + 0*l - 21 = 3*l, -3*l - 6 = -3*v. Let z(p) = -6*p**3 - 4*p**2 - 3*p + 1. Let t be z(v). Calculate the greatest common factor of t and 17.
17
Suppose 6 = 2*i - 2. Suppose 2 = 4*r - 3*r - 4*c, 4*r - 88 = -i*c. Let w be (-146)/(-6) + (-6)/r. What is the highest common divisor of 36 and w?
12
Suppose -r - 60 = -4*r. Suppose -2*g - 28 = -8. Let o = 170 + g. What is the highest common divisor of o and r?
20
Let m be 2/6 + 14/(-6). Let a be (-360)/(-4)*(-1 - m). Suppose 0 = -3*o + o + 20. Calculate the highest common divisor of o and a.
10
Let d be 4/6*-3 + 46. Let u be 20/11 + 8/d. Let n(j) = 6*j**2 + 2*j - 2. Let p be n(u). Calculate the highest common divisor of p and 39.
13
Let s be 119/11 - (-18)/99. Calculate the highest common factor of s and 11.
11
Let q(f) = f - 2. Let t be q(3). Let c = -43 + t. Let v be c/9*3*-1. Calculate the greatest common factor of 28 and v.
14
Suppose 2*n + 5*y + 2 = -5, 3*n = -3*y + 3. What is the greatest common factor of n and 64?
4
Let g = -20 + 38. Let c = g + 2. Calculate the greatest common factor of 50 and c.
10
Let j = 9 + -1. Let g be 1*9*8 - 2. Suppose 5*s + 2*n = g, 15 = -0*n - 3*n. What is the highest common divisor of s and j?
8
Let s = -5 + 16. What is the highest common divisor of s and 11?
11
Let h be 13/2*-1*-4. Let n = 36 - h. What is the highest common divisor of n and 4?
2
Suppose 0 = -n - 0*n + 57. Let t = 124 - 68. Let y = -37 + t. Calculate the greatest common factor of y and n.
19
Let k(o) = o**2 - 6*o + 7. Let i be k(6). Let b = -105 - -182. Calculate the highest common factor of i and b.
7
Let j(r) = 9*r**2 - 2*r - 3. Let t be j(3). Let v be ((-18)/(-4))/(4/8). Calculate the greatest common divisor of t and v.
9
Let y be (12/9)/((-2)/(-219)). Let g be y/(-10) - 4/10. Let r = -9 - g. Calculate the highest common factor of 42 and r.
6
Suppose -7*b + 5*r + 60 = -2*b, -3*r = 15. Let n = -2 - -6. Suppose -20 = -n*d + 8. Calculate the greatest common divisor of d and b.
7
Suppose 0 = 2*i + 10, 2*r + 5*i = -r + 20. Suppose -40 = -19*o + r*o. Calculate the greatest common divisor of 110 and o.
10
Let y be 4/(4/(-16)*-2). What is the highest common divisor of y and 12?
4
Let k = -23 - -31. Let j = 172 + -108. Calculate the highest common divisor of j and k.
8
Let u(c) = c**2 - 6. Let h be u(0). Suppose 0 = -4*x - 217 + 61. Let t be (x/h)/1*2. What is the greatest common divisor of t and 143?
13
Let j(g) = -10*g + 1. Let o be j(-2). Suppose 22 = -5*i - 38. Let u = i + o. What is the greatest common factor of u and 6?
3
Let f be (-5)/(-15)*(1 - -2). What is the greatest common divisor of f and 2?
1
Suppose -3*u = 3*q - 168, q = -3*u + 2*q + 176. Calculate the greatest common divisor of 29 and u.
29
Let b be 9/12 + 82/8. Suppose 14 = 5*i - b. Suppose -4*r + 91 = -i. What is the greatest common divisor of 6 and r?
6
Let u = -6 + 1. Let p = 9 + u. Let k be 1/((p/18)/2). What is the greatest common divisor of 3 and k?
3
Suppose -3*i + 16 + 2 = 0. Let x(j) = 5*j - 8. Let v be x(i). Calculate the highest common factor of 2 and v.
2
Let r(d) = 120*d**3 + d**2 - d. Let t be r(1). Calculate the greatest common divisor of 15 and t.
15
Let n = 35 + -27. What is the highest common divisor of 64 and n?
8
Let w = 59 + -50. Calculate the highest common divisor of 3 and w.
3
Let v(h) = 2*h - 2. Let g be v(3). Let i = 3 + g. What is the highest common factor of i and 7?
7
Let q = 86 + -80. What is the greatest common divisor of 78 and q?
6
Let l(i) = i**3 + 16*i**2 + 13*i + 4. Let h be l(-15). What is the highest common factor of h and 17?
17
Suppose 4*o = -2*f + 12, 3*o - 2*f - 5 - 11 = 0. Calculate the greatest common divisor of 20 and o.
4
Let g(s) = 287*s - 1. Let q be g(1). Suppose 39 = 3*h + 2*n - 39, -104 = -4*h - n. What is the greatest common factor of h and q?
26
Suppose -p + 6*p - 5 = 0. Let h be p*(2 - 2) + -13. Let n = h + 25. What is the highest common factor of n and 84?
12
Let y = 185 + -128. Suppose -t + 7 = -y. Let j = -8 - -16. What is the greatest common divisor of j and t?
8
Suppose -1623 = -4*t + 3*s, 2*t + 3*t + 4*s - 2021 = 0. Suppose -t = -b - 4*b. What is the greatest common divisor of b and 9?
9
Let l = -7 - -12. Suppose -5*c + c + 704 = 0. Suppose l*j = j + c. Calculate the highest common divisor of 4 and j.
4
Let j(o) = 4*o**2 - 2*o - 2. Let y be j(2). What is the greatest common factor of 15 and y?
5
Let w(h) = h**2 + h + 8. Let v(s) = -s**3 - s**2 + 4*s - 2. Let i be v(3). Let q = i - -18. Let z be w(q). Calculate the highest common divisor of z and 8.
8
Let b(s) = -7*s + 4. Suppose -3*m + 16 = -4*a, a + 3 = -5*m - 1. Let l be b(a). Suppose l = -2*d + 4*d. What is the greatest common factor of 40 and d?
8
Let z = 319 + -199. Let g(a) = 2*a**2 - 7*a - 6. Let x be g(6). Calculate the greatest common divisor of z and x.
24
Let q = -1 + 16. Let g be (-1)/2*2 - -22. Suppose -3*h + g = 3. What is the greatest common factor of q and h?
3
Suppose 3*k + 171 = 4*q, -q + k + 85 = q. Let l = 67 + -39. Calculate the greatest common divisor of q and l.
14
Let k = -4 + 37. Let s = 7 + k. Suppose 4*n = s + 104. What is the highest common divisor of n and 9?
9
Let x(l) = -l**3 - 4*l**2 - 3*l + 10. Let m be x(-3). Calculate the highest common factor of 10 and m.
10
Let i be (4/3)/(16/(-24)). Let c be -3 - ((-6)/i - 62). Calculate the highest common divisor of c and 14.
14
Let w = -18 - -16. Let a be -2 - -14 - -4 - 